2 - -303)
-76
Evaluate 1465 + -1435 - (26 + -6 + 3).
7
-60 + 2 - -35 - (1 + -71)
47
Calculate 2 - -34 - (-58 + -4 + -6).
104
What is the value of -4 - (-10 - (-4 - ((22 - 12) + -13)))?
5
-3 - 14 - -1 - (-28 + -8 - 1)
21
What is the value of (64 - 44) + 16 - 37?
-1
Calculate -79 + 8 + 24 + 28 - 23.
-42
What is the value of -3 + (-25 - (17 - -6 - 21))?
-30
What is the value of (-7 - -9) + (35 - -3) + 29?
69
Calculate (3 - (106 + -2)) + (8 - 11) + -32 + 23.
-113
0 + -73 + 0 - (65 + -63)
-75
What is the value of (1 - (-1 - -26)) + -11793 + 11794?
-23
Evaluate (45 - (162 + -37)) + (4 + -1 - 26).
-103
Calculate -58 + -5 + (-24 - -47) + -9.
-49
What is the value of (-50 - 229 - -80) + 91?
-108
What is the value of (17 - 15) + (12 - (-9 - -11) - 51) + -5?
-44
What is 10 - (5 - (17 + -10 - -5))?
17
What is -77 + (-1 + 12 - (15 - -1 - (197 + -185)))?
-70
(-40 - (6 + -15 - 17)) + 2 + -5 + -43
-60
(-6 - 19) + (23 + -12 - (31 + -34))
-11
Evaluate 0 + 138 + 0 + 5 + 1 + (-24644 - -24641).
141
What is -6 + (101 + -86 - (-1 + 23)) + -14?
-27
What is -1334 + 1373 + (-14 - (-3 + 9 - 3))?
22
Calculate -49 + 25 + 22 - 2.
-4
What is 1 - 21 - (1668 - 1677)?
-11
Evaluate -6 + 48 + -20 + 32 + (-3 - (4 - 2)).
49
Calculate 91 + -164 + -14 + 147.
60
(-12 - ((0 + -5 - (116 + -123)) + -22)) + -75
-67
(179 + -44 - 135) + 2 + -31
-29
Evaluate 81 - ((-514 + 508 - ((3 - 5) + -3)) + 4).
78
Evaluate 3 + -2 + -79 + 42 + 82.
46
Evaluate (-93 - 5) + 15 + 4 + -10 + (8 - 18).
-99
(-27 - 1) + (85 - (-25 + 94))
-12
-193 + -2 + 5250 + -5152
-97
Evaluate 358 + -437 - (-191 + -3).
115
What is -34 + 26 + 51 + -15?
28
-94 - ((19 - 47) + -1)
-65
-11 + (49 - (-14 - -31) - -16)
37
11 - (-80 - (-12 + 7 - -12)) - (-3 + -10)
111
Evaluate 18 - -38 - 26 - 73.
-43
What is -43 + 19 - (12 - 23 - 61)?
48
0 + -34 + 30 + -12 + 4
-12
What is (-142 - -149) + (38 - 97)?
-52
Evaluate 5 + -14 - -1 - (-93 + 152 + -55).
-12
What is -5 + (-74 - (-136 - -49) - (-63 + 0))?
71
Calculate -79 + (-64 - -202) + -96.
-37
6 - (-23 + -7 + 13 - -23)
0
Calculate (0 - -4 - 19) + (35 - -2) + (2 - 0).
24
What is the value of 75 + -136 - -58 - (-1 + -12)?
10
-49 - (0 + -17 + (-11 - (8 + 0)) + 24)
-37
Evaluate -7 + -16 + -4 + 67.
40
Evaluate 2 + -11 + (-297 - -322) + 4 + -2 + 3.
21
Calculate 3 + -4 - (1774 - 1772).
-3
-68 + -37 - -128 - (-111 + (-2 - -3))
133
2 - (-42 - (-154 - -155 - (2 - 1)))
44
Calculate 23 - (-17 - (29 - 43)).
26
What is (55 - 52) + (0 + 29 - (-38 - -49))?
21
Evaluate -96 - (-237 - -239 - (-4 + 8 - 14)).
-108
Calculate 14 + (-31 + (13 - 4) - -41).
33
(-2 - (-21 + -13 + 26 + -6)) + -54
-42
Calculate -2 + -5 - (-1 - -1 - (-5 + (-52 - -88))).
24
Evaluate (35 - (-5 - -25) - 25) + 0 - (-5 - 0).
-5
Evaluate -28 + 1 - (-486 + 491) - (15 - (-3 + 4)).
-46
(5 - -57) + (14 - (28 + -27)) - 15
60
What is -61 + 0 + (13 - 10 - -13 - 14 - -4)?
-55
Calculate -11 + (-6 - -14 - -1 - ((-9 - -22) + 67)).
-82
(-6 - -6 - 1) + -40 + (-33 - -28) + 12
-34
(137 - (-50 + 117)) + -15
55
Evaluate -57 - ((40 - 0) + (40 - (59 + 0))).
-78
What is the value of 108 + (-123 - -20) + -14?
-9
Calculate 124 - ((23 + -9 - -2) + (128 - 125)).
105
What is (7 - (37 - 43)) + -3 + (-137 - 0 - -6)?
-121
Calculate -24 - (-16 + 26 + -38 - -8).
-4
Calculate (17 - -3) + (5 - (-38 - (-32 + -3))).
28
Evaluate -23 + -4 + (0 + (-5 - -13) - 15).
-34
-166 + (52 - -46) + 80
12
Calculate (-1 - 1 - 52) + (-378 - -379) - -9.
-44
((10 - -8) + -97 + -5 - (6 - 2)) + 10
-78
What is the value of -18 - (55 - 79 - (-3 - -13))?
16
What is -1 + 44 + (-127 - -106 - (2 + -12)) + 9?
41
Evaluate (-8 - (-3 - 16)) + (37 - 10) + -22.
16
What is -65 - (-41 - (-23 + 0))?
-47
Evaluate 24 - ((21 - -20) + -14) - 30.
-33
What is the value of 80 + -83 - (23 - (2 + 0))?
-24
What is the value of -17 + -2 - (11 + (7 - (-1 + 7)))?
-31
Calculate (20 - -1) + (-9 - (-4 - -12 - (7 + 0))).
11
Calculate 0 + -1 + -761 + 752 + (0 - 95).
-105
Evaluate 74 - (-149 + (-84 - -202)).
105
-1898 + 1898 - (3 - (3 + -3 + 2))
-1
Evaluate (-31 - -1 - (12 - 13)) + -10 + 5.
-34
What is the value of 7 - 2 - ((-7 - (-5 - 25)) + 0 + 0)?
-18
What is (13 - -1) + 14 + -9 - (25 + -8 + -11)?
13
Calculate -63 + (-43 - -133 - 53).
-26
-7 + 2 + -3 + (39 - 6 - -14)
39
Calculate -49 + 5 + (-102 - -6) + 110.
-30
Evaluate ((-1 + 3 - 16) + -50 + 25 - 10) + -10.
-59
Calculate 41 + -1 - (1296 + -1195).
-61
What is the value of -9 + -29 - -12 - (-36 - -15) - -109?
104
Calculate (21 + (20 - 12) - 11) + 22.
40
What is -1 + 13 + -3 - ((-34 - -17 - -1) + -31)?
56
Calculate 94 + -33 + (-210 - -98).
-51
-21 - (-15 + 26) - (49 - 72)
-9
What is 13 - (29 + -11 + (12 - -28))?
-45
Calculate 94 + 13 - ((5 - -5 - -13) + -2).
86
What is the value of 45 + (-18 - -30 - -6) + -21?
42
-77 + (-285 - -239) - (-1 + -2)
-120
Calculate 422 + -455 + 2 + -23 - -24.
-30
-110 - ((-17 - (-7 - 19)) + -24) - (2 - 5)
-92
What is the value of (1 - -24) + (-9449 - -9499)?
75
Calculate (-1 - -7) + -60 + 90 + -8 + -16.
12
What is (-4 + (5 - 11) - 30) + (9 - 3 - 8)?
-42
Calculate -51 - 91 - (-85 - -19).
-76
Calculate -13 - 3 - (18 + 50 + -14 - 24).
-46
What is 14 - (0 - 2) - (1305 + -1246)?
-43
Calculate (-5 - -61) + (11 - (-5 + 9 + 7) - -5).
61
Evaluate 1 + -4 + -1 + -4 + -1 - -30.
21
What is the value of (326 + -167 - 147) + 65 + -2 + (4 - 2)?
77
Calculate 8 - (-1 + -4) - (-15 - -24).
4
What is the value of -42 - (19 + (-38 - 8))?
-15
What is 4 - -2 - (107 + -16 + 8 + 11 - -5)?
-109
-4 + 79 + (-14 - (44 - 63))
80
Calculate -35 + -8 - (-9 + (4 - (-5 - 5))).
-48
91 - (-3874 + 3898 + (-2 - 1) + -2)
72
What is the value of (0 - 0) + -8 - (14 + -57 - (-31 - -3))?
7
Calculate 0 - 17 - (1 - (8 - (9 - 16)) - -11).
-14
What is 43 - -23 - (-410 + 494)?
-18
Evaluate 120 + (31 - (-8 - -33)) + -34.
92
What is 26 - 97 - (57 - 78)?
-50
What is the value of 32 + 6 + -35 + 76?
79
What is the value of -1 + -3 + 76 + (-3952 - -3993)?
113
Evaluate 8 - (-22 + 12 - -27 - 11) - -16.
18
-80 + 214 + 103 + -161
76
Evaluate (-58 - -60) + 53 + -75.
-20
Calculate (-108 - 1 - -1) + -1143 + 1188.
-63
What is 31 - 4 - (81 - 41 - 1)?
-12
Evaluate 12293 + -12291 + -37 + (0 - 0).
-35
What is the value of (25 - 0) + (-1 + 11 - -10) + -34 - -96?
107
Calculate (109 - 37) + 22 + -47.
47
68 + -18 + (-121 - -18)
-53
What is the value of (-27 - -2 - -6) + (-8 - -52)?
25
What is the value of 2 - -24 - (123 - 39 - -18)?
-76
Evaluate 2 - (-5 - (8 + -2 + (-26 - 11))) - -1.
-23
Calculate -49 + 8 + 16 + -15 + 16 + -25.
-49
What is the value of 120 + (63 - (298 - 134))?
19
-13 + (6 - (25 + -19)) + -17
-30
48 + -134 + (218 - 103)
29
What is -90 + 82 + 3 + -9 - -101?
87
-59 + 34 + (-51 - -40)
-36
55 - (86 - (-59 - -81))
-9
What is -112 + 114 + 6 + -15 + -28 + -1?
-36
-85 - (-72 - -49 - 18)
-44
26 + -4 + (23 - 10) + -11 + (-1 - 2)
21
Calculate (-25 - 50) + (6 - -2) + 11 + 0.
-56
What is the value of -90 + (19 - 10) - -50?
-31
Evaluate 38 + (-38 - (10 - 1)).
-9
What is the value of 11 + (31 + -32 + 2 - (-10 + -63))?
85
What is -121 - -247 - 105 - (1 - -1)?
19
What is (-51 - 29) + 46 + 17?
-17
What is the value of -71 - -2 - (18 + -62 - -2 - -27)?
-54
Evaluate 69 - 7 - (2 + -11 + 1 + (10 - 4)).
64
What is the value of 51 + -9 + -44 + -40?
-42
Evaluate -2 - -26 - (43 + -34) - 34.
-19
Calculate -56 - (33 + -16 + -78).
5
Calculate 41 + -1 + (31 - 75 - -52).
48
Evaluate -17 + 61 + -39 + (11 - -3) - (-1 - -7).
13
Evaluate (24 - 33 - -38 - 17) + -27.
-15
Calculate (-23 - -25) + -2 + -16 - (118 - 117).
-17
Evaluate 11 + -16 + 0 - (13 - 2).
-16
Calculate (62 - 60) + -30 + 12 + 2.
-14
Calculate 10 - ((10 - -10) + -15 + -48).
53
What is the value of (-34 - -2) + (-171 - -236)?
33
What is -3 + (-42 + 52 - (30 - -3 - 2))?
-24
Evaluate -4 - (153 + -159 - (2 + -59 - (1 - 0))).
-56
-29 + (13 + -13 - -5) + -14 - 10
-48
-961 + 1074 - (36 - 10)
87
Calculate 19 - ((-57 - -110) + -114).
80
Calculate 8 + (5 + 5 + (-1 - 1) - 13) + -81.
-78
What is the value of -6 + -10 - (-34 + 31) - -20?
7
(3 - (-18 - -5)) + (-20 - -14) + -3 + 40
47
What is -60 + 89 - (9 + -20)?
40
What is the value of 25 + -3 + -9 + -2 + -7 + 8 + 27?
39
Evaluate -8 + -2 - (-4 + 55 + -17 + 15).
-59
-7 - -7 - -11 - (6 - (-16 - -77))
66
-51 - (-61 - (27 - 64))
-27
Calculate -60 - (-94 - (56 - 87)).
3
What is 3 + -82 + 9 + (86 - 93)?
-77
21 + -26 + (-1 - 6) + 9 - (-12 - -